{"id":22,"date":"2017-07-07T09:52:14","date_gmt":"2017-07-07T07:52:14","guid":{"rendered":"http:\/\/tcnarbonne.org\/?page_id=22"},"modified":"2024-04-15T14:06:26","modified_gmt":"2024-04-15T12:06:26","slug":"a-propos-de","status":"publish","type":"page","link":"https:\/\/tcnarbonne.org\/index.php\/a-propos-de\/","title":{"rendered":"MENTIONS L\u00c9GALES &#038; RGPD"},"content":{"rendered":"<header class=\"entry-header\">\n<h4 class=\"entry-title\">L&#8217;association TCNA &#8220;Transparence des Canaux de la NArbonnaise, association loi 1901 dont le si\u00e8ge social est sis chez Madame Mariette GERBER, L&#8217;Estradelle, 11510 TREILLES,<\/h4>\n<h4 class=\"entry-title\">assure la diffusion de son site (ci-apr\u00e8s d\u00e9nomm\u00e9 le site Internet www.tcnarbonne.org).<b>(D\u00e9claration<\/b><strong>&nbsp;de l&#8217;association en sous pr\u00e9fecture de Narbonne le 31 Mai 2017)<\/strong><\/h4>\n<p>Directrice de publication : Madame Juliette Schweitzer<\/p>\n<\/header>\n<div class=\"entry-content\">\n<h3>I \u2013 PR\u00c9SENTATION DU SITE WWW.TCNARBONNE.ORG<\/h3>\n<p>Le site Internet www.tcnarbonne.org a pour objet d&#8217;informer sur les activit\u00e9s de l&#8217;association TCNA &#8220;Transparence des Canaux de la NArbonnaise&#8221;.<\/p>\n<h3>II \u2013 UTILISATION DU SITE WWW.TCNARBONNE.ORG<\/h3>\n<h3>\u2022 Qualit\u00e9 des informations<\/h3>\n<p>TCNA apporte le plus grand soin et met en \u0153uvre tout moyen pour diffuser sur le site Internet www.tcnarbonne.org des informations de qualit\u00e9. TCNA ne peut toutefois pas garantir de mani\u00e8re absolue l\u2019exactitude et l\u2019exhaustivit\u00e9 de l\u2019ensemble de ces informations. Ainsi, TCNA, soumis \u00e0 une obligation de moyen, ne saurait \u00eatre tenu pour responsable de tout pr\u00e9judice direct ou indirect du fait d\u2019une information mal utilis\u00e9e et\/ou qui se serait r\u00e9v\u00e9l\u00e9e inexacte ou incompl\u00e8te.<\/p>\n<h3>\u2022 Acc\u00e8s au site Internet www.tcnarbonne.org<\/h3>\n<p>TCNA ne pourra \u00eatre tenu pour responsable de tout dommage direct ou indirect r\u00e9sultant de l\u2019acc\u00e8s \u00e0 son site Internet et \u00e0 ceux de ses partenaires, ou au contraire de l\u2019impossibilit\u00e9 d\u2019y acc\u00e9der.<\/p>\n<p><strong>Le site est h\u00e9berg\u00e9 &nbsp;par OVH \u2013&nbsp; 2 rue Kellermann \u2013 59100 ROUBAIX \u2013 France<\/strong><br>Pour contacter cet h\u00e9bergeur, rendez-vous \u00e0 l\u2019adresse http:\/\/www.ovh.com\/fr\/support\/<\/p>\n<p>En application des articles 39 et suivants de la loi du 6 janvier 1978 modifi\u00e9e, l\u2019utilisateur dispose d\u2019un droit d\u2019acc\u00e8s et de rectification aux informations qui le concernent. Si vous souhaitez exercer ce droit et obtenir communication des informations vous concernant, vous pouvez utiliser l\u2019adresse contact@tcnarbonne.org.<\/p>\n<p>L\u2019\u00e9diteur consent \u00e0 l\u2019utilisateur le droit de consultation du site www.tcnarbonne.org &nbsp;pour son usage strictement personnel et priv\u00e9. Toute reproduction, rediffusion ou commercialisation totale ou partielle du contenu est interdite.<\/p>\n<h3>III \u2013 PROPRI\u00c9T\u00c9 INTELLECTUELLE<\/h3>\n<p>Les informations d\u00e9livr\u00e9es sur le site Internet www.tcnarbonne.org ne peuvent \u00eatre utilis\u00e9es qu\u2019\u00e0 des fins strictement personnelles ou collaboratives.<\/p>\n<p><strong>Toute utilisation effectu\u00e9e \u00e0 des fins commerciales est purement et simplement interdite.<\/strong><\/p>\n<p>En outre, les \u00e9l\u00e9ments pr\u00e9sents sur notre site Internet sont prot\u00e9g\u00e9s par le Code de la Propri\u00e9t\u00e9 Intellectuelle, des trait\u00e9s et des accords internationaux traitant des dispositions relatives \u00e0 la protection des droits d\u2019auteur. Ainsi, toute modification, repr\u00e9sentation et reproduction int\u00e9grale ou partielle, pour un usage autre que priv\u00e9, est formellement interdite. Cette interdiction vaut quel que soit le proc\u00e9d\u00e9 de reproduction, de repr\u00e9sentation et\/ou de modification, et quelle qu\u2019en soit la dur\u00e9e. De mani\u00e8re g\u00e9n\u00e9rale, TCNA ne saurait \u00eatre tenu pour responsable de tout dommage, direct ou indirect, r\u00e9sultant de l\u2019utilisation interdite des informations ou de tout autre \u00e9l\u00e9ment, d\u00e9livr\u00e9s sur le site Internet www.tcnarbonne.org.<\/p>\n<h3>IV \u2013 RESPECT DE VOTRE VIE PRIV\u00c9E<\/h3>\n<h3>\u2022 Collecte de vos donn\u00e9es personnelles<\/h3>\n<p>Lors de vos visites sur le site Internet www.tcnarbonne.org, TCNA peut \u00eatre amen\u00e9e \u00e0 vous demander certaines informations vous concernant afin d\u2019\u00eatre en mesure de vous identifier, de vous proposer des acc\u00e8s personnalis\u00e9s.<br>Les donn\u00e9es nominatives (noms, pr\u00e9noms, coordonn\u00e9es postales, e-mail\u2026) ou non nominatives pourront vous \u00eatre demand\u00e9es notamment lors de vos visites sur le site www.tcnarbonne.org . Certaines informations vous concernant devront \u00eatre obligatoirement communiqu\u00e9es pour que vous puissiez acc\u00e9der au service concern\u00e9. Les informations rev\u00eatant un caract\u00e8re obligatoire sont signal\u00e9es par un ast\u00e9risque.<\/p>\n<h3>\u2022 Utilisation de vos donn\u00e9es personnelles<\/h3>\n<p>Toutes les donn\u00e9es recueillies ne serviront jamais \u00e0 des fins commerciales, aucune liste de noms, pr\u00e9noms et email ne sera vendu \u00e0 des entreprises priv\u00e9es ou ne servira de marchandises \u00e0 des fins commerciales.<\/p>\n<h3>Google analytics<\/h3>\n<p>\u00ab&nbsp;Ce site utilise Google Analytics, un service d\u2019analyse de site internet fourni par Google Inc.<br>Google Analytics utilise des cookies, qui sont des fichiers texte plac\u00e9s sur votre ordinateur pour aider le site internet \u00e0 analyser l\u2019utilisation du site par ses utilisateurs. Les donn\u00e9es g\u00e9n\u00e9r\u00e9es par les cookies concernant votre utilisation du site (y compris votre adresse IP) seront transmises et stock\u00e9es par Google sur des serveurs situ\u00e9s aux \u00c9tats-Unis. Google utilisera cette information dans le but d\u2019\u00e9valuer votre utilisation du site, de compiler des rapports sur l\u2019activit\u00e9 du site \u00e0 destination de son \u00e9diteur, et de fournir d\u2019autres services relatifs \u00e0 l\u2019activit\u00e9 du site et \u00e0 l\u2019utilisation d\u2019Internet.<\/p>\n<p>Google est susceptible de communiquer ces donn\u00e9es \u00e0 des tiers en cas d\u2019obligation l\u00e9gale ou lorsque ces tiers traitent des donn\u00e9es pour le compte de Google, y compris notamment l\u2019\u00e9diteur de ce site.<br>Google ne recoupera pas votre adresse IP avec toute autre donn\u00e9e d\u00e9tenue par Google.<br>Vous pouvez d\u00e9sactiver l\u2019utilisation de cookies en s\u00e9lectionnant les param\u00e8tres appropri\u00e9s de votre navigateur. Cependant, une telle d\u00e9sactivation pourrait emp\u00eacher l\u2019utilisation de certaines fonctionnalit\u00e9s de ce site. En utilisant ce site internet, vous consentez express\u00e9ment au traitement de vos donn\u00e9es nominatives par Google dans les conditions et pour les finalit\u00e9s d\u00e9crites ci-dessus.&nbsp;\u00bb<\/p>\n<h3>\u2022 Transmission de vos donn\u00e9es personnelles<\/h3>\n<p>Les donn\u00e9es nominatives vous concernant recueillies sur le site Internet pourront \u00eatre communiqu\u00e9es \u00e0 nos \u00e9tablissements o\u00f9 partenaires dans le cadre exclusif de l\u2019exploitation du site Internet www.tcnarbonne.org et ne sauront faire l\u2019objet d\u2019un quelconque commerce.<br>Ces donn\u00e9es ne feront l\u2019objet de communications ext\u00e9rieures \u00e9ventuelles autres que celles pr\u00e9vues ci-dessus que pour satisfaire aux obligations l\u00e9gales et r\u00e9glementaires, ou \u00e0 la demande d\u2019une administration ou d\u2019une autorit\u00e9 judiciaire.<\/p>\n<h3>\u2022 Droits d\u2019acc\u00e8s et de rectification<\/h3>\n<p>En conformit\u00e9 avec les dispositions de la loi du 6 janvier 1978 dite \u00ab&nbsp;Loi Informatique et Libert\u00e9s&nbsp;\u00bb relative \u00e0 l\u2019informatique, aux fichiers et aux libert\u00e9s, les traitements automatis\u00e9s des donn\u00e9es nominatives r\u00e9alis\u00e9s \u00e0 partir du site Internet www.tcnarbonne.org pourront faire l\u2019objet d\u2019une d\u00e9claration aupr\u00e8s de la Commission Nationale de l\u2019Informatique et des Libert\u00e9s (CNIL).Les internautes disposent \u00e0 tout moment d\u2019un droit d\u2019acc\u00e8s, de modification, de rectification et de suppression des donn\u00e9es qui les concernent.<\/p>\n<h3>\u2022 Limitation de responsabilit\u00e9<\/h3>\n<p>Ce site comporte des informations mises \u00e0 disposition par des soci\u00e9t\u00e9s externes ou des liens hypertextes vers d\u2019autres sites qui n\u2019ont pas \u00e9t\u00e9 d\u00e9velopp\u00e9s par l&#8217;association TCNA. Le contenu mis \u00e0 disposition sur le Site est fourni \u00e0 titre informatif. L\u2019existence d\u2019un lien de ce Site vers un autre site ne constitue pas une validation de ce site ou de son contenu. Il appartient \u00e0 l\u2019internaute d\u2019utiliser ces informations avec discernement et esprit critique. La responsabilit\u00e9 de TCNA ne saurait \u00eatre engag\u00e9e du fait aux informations, opinions et recommandations formul\u00e9es par des tiers.<\/p>\n<p><strong><em>R\u00e8gles de bonne conduite pour les commentaires:<\/em><\/strong><\/p>\n<p>Les commentaires sont libres \u00e0 condition de respecter les r\u00e8gles de mod\u00e9ration ainsi que les r\u00e8gles \u00e9l\u00e9mentaires de biens\u00e9ance et de politesse. Pensez \u00e0 ceux qui vous lisent.<\/p>\n<p>N\u2019utilisez des caract\u00e8res majuscules que s\u2019ils sont n\u00e9cessaires dans vos commentaires. Les majuscules donnent un caract\u00e8re agressif \u00e0 vos commentaires, ce qui d\u00e9courage le lecteur de r\u00e9pondre.<\/p>\n<p>Tout commentaire contenant des accusations sans preuve, une d\u00e9formation des faits, de fausses informations ne seront pas accept\u00e9s.<\/p>\n<p>D\u2019une mani\u00e8re g\u00e9n\u00e9rale,&nbsp;<strong>veuillez respecter les r\u00e8gles d\u2019\u00e9tiquette<\/strong>&nbsp;en mati\u00e8re de r\u00e9seau (<a href=\"http:\/\/fr.wikipedia.org\/wiki\/N%C3%A9tiquette\">la Netiquette<\/a>) en les adaptant \u00e0 votre usage et en privil\u00e9giant le mode d\u2019expression la plus \u00e0 m\u00eame de cr\u00e9er une relation de respect et bon entente avec les autres internautes.<\/p>\n<p>C\u2019est dans le respect de ces r\u00e8gles que le blog est mod\u00e9r\u00e9.<\/p>\n<h3>\u2022 Questions compl\u00e9mentaires<\/h3>\n<p>Si toutefois vous souhaitez un compl\u00e9ment d\u2019information sur ces mentions l\u00e9gales, vous pouvez nous adresser un courriel \u00e0 <a href=\"http:\/\/tcnarbonne.org\/wp-admin\/tcna.association@outlook.fr\">tcna.association[@]outlook.fr<\/a> en mentionnant vos nom, pr\u00e9nom, adresse, email et message, nous vous y r\u00e9pondrons dans les meilleurs d\u00e9lais.<\/p>\n<p>&nbsp;<\/p>\n<\/div>\n\n\n<p><\/p>\n\n\n<div class=\"wp-block-image\">\n<figure class=\"aligncenter is-resized\"><img loading=\"lazy\" decoding=\"async\" width=\"768\" height=\"344\" src=\"http:\/\/tcnarbonne.org\/wp-content\/uploads\/2019\/01\/rgpd-couv-768x344.jpg\" alt=\"\" class=\"wp-image-2875\" style=\"width:262px;height:116px\" srcset=\"https:\/\/tcnarbonne.org\/wp-content\/uploads\/2019\/01\/rgpd-couv-768x344.jpg 768w, https:\/\/tcnarbonne.org\/wp-content\/uploads\/2019\/01\/rgpd-couv-768x344-300x134.jpg 300w\" sizes=\"(max-width: 768px) 100vw, 768px\" \/><\/figure><\/div>\n\n\n<p><strong>Pour toutes questions ayant attrait \u00e0 la protection des donn\u00e9es (RGPD), vous devez nous adresser votre demande en pr\u00e9cisant vos nom, pr\u00e9nom, adresse email et votre requ\u00eate concernant l&#8217;utilisation de vos donn\u00e9es. Une seule adresse comme guichet unique pour les questions en lien avec le RGPD<\/strong> <a href=\"tcna.association@outlook.fr\">tcna.association[@]outlook.fr\u00a0<\/a><\/p>\n\n\n\n<p><\/p>\n","protected":false},"excerpt":{"rendered":"<p>L&#8217;association TCNA &#8220;Transparence des Canaux de la NArbonnaise, association loi 1901 dont le si\u00e8ge social est sis chez Madame Mariette GERBER, L&#8217;Estradelle, 11510 TREILLES, assure la diffusion de son site (ci-apr\u00e8s d\u00e9nomm\u00e9 le site&#8230;<\/p>\n","protected":false},"author":1,"featured_media":0,"parent":0,"menu_order":0,"comment_status":"closed","ping_status":"closed","template":"","meta":{"ngg_post_thumbnail":0,"footnotes":""},"yoast_head":"<!-- This site is optimized with the Yoast SEO plugin v21.1 - https:\/\/yoast.com\/wordpress\/plugins\/seo\/ -->\n<title>MENTIONS L\u00c9GALES &amp; RGPD - TCNA NARBONNE<\/title>\n<meta name=\"robots\" content=\"index, follow, max-snippet:-1, max-image-preview:large, max-video-preview:-1\" \/>\n<link rel=\"canonical\" href=\"https:\/\/tcnarbonne.org\/index.php\/a-propos-de\/\" \/>\n<meta property=\"og:locale\" content=\"fr_FR\" \/>\n<meta property=\"og:type\" content=\"article\" \/>\n<meta property=\"og:title\" content=\"MENTIONS L\u00c9GALES &amp; RGPD - TCNA NARBONNE\" \/>\n<meta property=\"og:description\" content=\"L&#8217;association TCNA &#8220;Transparence des Canaux de la NArbonnaise, association loi 1901 dont le si\u00e8ge social est sis chez Madame Mariette GERBER, L&#8217;Estradelle, 11510 TREILLES, assure la diffusion de son site (ci-apr\u00e8s d\u00e9nomm\u00e9 le site...\" \/>\n<meta property=\"og:url\" content=\"https:\/\/tcnarbonne.org\/index.php\/a-propos-de\/\" \/>\n<meta property=\"og:site_name\" content=\"TCNA NARBONNE\" \/>\n<meta property=\"article:publisher\" content=\"https:\/\/www.facebook.com\/TCNA-Transparence-des-canaux-de-la-Narbonnaise-325260501232600\/\" \/>\n<meta property=\"article:modified_time\" content=\"2024-04-15T12:06:26+00:00\" \/>\n<meta property=\"og:image\" content=\"http:\/\/tcnarbonne.org\/wp-content\/uploads\/2019\/01\/rgpd-couv-768x344.jpg\" \/>\n<meta name=\"twitter:card\" content=\"summary_large_image\" \/>\n<meta name=\"twitter:label1\" content=\"Dur\u00e9e de lecture estim\u00e9e\" \/>\n\t<meta name=\"twitter:data1\" content=\"7 minutes\" \/>\n<script type=\"application\/ld+json\" class=\"yoast-schema-graph\">{\"@context\":\"https:\/\/schema.org\",\"@graph\":[{\"@type\":\"WebPage\",\"@id\":\"https:\/\/tcnarbonne.org\/index.php\/a-propos-de\/\",\"url\":\"https:\/\/tcnarbonne.org\/index.php\/a-propos-de\/\",\"name\":\"MENTIONS L\u00c9GALES & RGPD - TCNA NARBONNE\",\"isPartOf\":{\"@id\":\"https:\/\/tcnarbonne.org\/#website\"},\"datePublished\":\"2017-07-07T07:52:14+00:00\",\"dateModified\":\"2024-04-15T12:06:26+00:00\",\"breadcrumb\":{\"@id\":\"https:\/\/tcnarbonne.org\/index.php\/a-propos-de\/#breadcrumb\"},\"inLanguage\":\"fr-FR\",\"potentialAction\":[{\"@type\":\"ReadAction\",\"target\":[\"https:\/\/tcnarbonne.org\/index.php\/a-propos-de\/\"]}]},{\"@type\":\"BreadcrumbList\",\"@id\":\"https:\/\/tcnarbonne.org\/index.php\/a-propos-de\/#breadcrumb\",\"itemListElement\":[{\"@type\":\"ListItem\",\"position\":1,\"name\":\"Accueil\",\"item\":\"https:\/\/tcnarbonne.org\/\"},{\"@type\":\"ListItem\",\"position\":2,\"name\":\"MENTIONS L\u00c9GALES &#038; RGPD\"}]},{\"@type\":\"WebSite\",\"@id\":\"https:\/\/tcnarbonne.org\/#website\",\"url\":\"https:\/\/tcnarbonne.org\/\",\"name\":\"www.https:\/\/tcnarbonne.org\/\",\"description\":\"Transparence des canaux de la narbonnaise\",\"publisher\":{\"@id\":\"https:\/\/tcnarbonne.org\/#organization\"},\"potentialAction\":[{\"@type\":\"SearchAction\",\"target\":{\"@type\":\"EntryPoint\",\"urlTemplate\":\"https:\/\/tcnarbonne.org\/?s={search_term_string}\"},\"query-input\":\"required name=search_term_string\"}],\"inLanguage\":\"fr-FR\"},{\"@type\":\"Organization\",\"@id\":\"https:\/\/tcnarbonne.org\/#organization\",\"name\":\"www.https:\/\/tcnarbonne.org\/\",\"url\":\"https:\/\/tcnarbonne.org\/\",\"logo\":{\"@type\":\"ImageObject\",\"inLanguage\":\"fr-FR\",\"@id\":\"https:\/\/tcnarbonne.org\/#\/schema\/logo\/image\/\",\"url\":\"https:\/\/tcnarbonne.org\/wp-content\/uploads\/2021\/02\/cropped-logo-TCNA-blanc-1-1.png\",\"contentUrl\":\"https:\/\/tcnarbonne.org\/wp-content\/uploads\/2021\/02\/cropped-logo-TCNA-blanc-1-1.png\",\"width\":306,\"height\":202,\"caption\":\"www.https:\/\/tcnarbonne.org\/\"},\"image\":{\"@id\":\"https:\/\/tcnarbonne.org\/#\/schema\/logo\/image\/\"},\"sameAs\":[\"https:\/\/www.facebook.com\/TCNA-Transparence-des-canaux-de-la-Narbonnaise-325260501232600\/\"]}]}<\/script>\n<!-- \/ Yoast SEO plugin. -->","yoast_head_json":{"title":"MENTIONS L\u00c9GALES & RGPD - TCNA NARBONNE","robots":{"index":"index","follow":"follow","max-snippet":"max-snippet:-1","max-image-preview":"max-image-preview:large","max-video-preview":"max-video-preview:-1"},"canonical":"https:\/\/tcnarbonne.org\/index.php\/a-propos-de\/","og_locale":"fr_FR","og_type":"article","og_title":"MENTIONS L\u00c9GALES & RGPD - TCNA NARBONNE","og_description":"L&#8217;association TCNA &#8220;Transparence des Canaux de la NArbonnaise, association loi 1901 dont le si\u00e8ge social est sis chez Madame Mariette GERBER, L&#8217;Estradelle, 11510 TREILLES, assure la diffusion de son site (ci-apr\u00e8s d\u00e9nomm\u00e9 le site...","og_url":"https:\/\/tcnarbonne.org\/index.php\/a-propos-de\/","og_site_name":"TCNA NARBONNE","article_publisher":"https:\/\/www.facebook.com\/TCNA-Transparence-des-canaux-de-la-Narbonnaise-325260501232600\/","article_modified_time":"2024-04-15T12:06:26+00:00","og_image":[{"url":"http:\/\/tcnarbonne.org\/wp-content\/uploads\/2019\/01\/rgpd-couv-768x344.jpg"}],"twitter_card":"summary_large_image","twitter_misc":{"Dur\u00e9e de lecture estim\u00e9e":"7 minutes"},"schema":{"@context":"https:\/\/schema.org","@graph":[{"@type":"WebPage","@id":"https:\/\/tcnarbonne.org\/index.php\/a-propos-de\/","url":"https:\/\/tcnarbonne.org\/index.php\/a-propos-de\/","name":"MENTIONS L\u00c9GALES & RGPD - TCNA NARBONNE","isPartOf":{"@id":"https:\/\/tcnarbonne.org\/#website"},"datePublished":"2017-07-07T07:52:14+00:00","dateModified":"2024-04-15T12:06:26+00:00","breadcrumb":{"@id":"https:\/\/tcnarbonne.org\/index.php\/a-propos-de\/#breadcrumb"},"inLanguage":"fr-FR","potentialAction":[{"@type":"ReadAction","target":["https:\/\/tcnarbonne.org\/index.php\/a-propos-de\/"]}]},{"@type":"BreadcrumbList","@id":"https:\/\/tcnarbonne.org\/index.php\/a-propos-de\/#breadcrumb","itemListElement":[{"@type":"ListItem","position":1,"name":"Accueil","item":"https:\/\/tcnarbonne.org\/"},{"@type":"ListItem","position":2,"name":"MENTIONS L\u00c9GALES &#038; RGPD"}]},{"@type":"WebSite","@id":"https:\/\/tcnarbonne.org\/#website","url":"https:\/\/tcnarbonne.org\/","name":"www.https:\/\/tcnarbonne.org\/","description":"Transparence des canaux de la narbonnaise","publisher":{"@id":"https:\/\/tcnarbonne.org\/#organization"},"potentialAction":[{"@type":"SearchAction","target":{"@type":"EntryPoint","urlTemplate":"https:\/\/tcnarbonne.org\/?s={search_term_string}"},"query-input":"required name=search_term_string"}],"inLanguage":"fr-FR"},{"@type":"Organization","@id":"https:\/\/tcnarbonne.org\/#organization","name":"www.https:\/\/tcnarbonne.org\/","url":"https:\/\/tcnarbonne.org\/","logo":{"@type":"ImageObject","inLanguage":"fr-FR","@id":"https:\/\/tcnarbonne.org\/#\/schema\/logo\/image\/","url":"https:\/\/tcnarbonne.org\/wp-content\/uploads\/2021\/02\/cropped-logo-TCNA-blanc-1-1.png","contentUrl":"https:\/\/tcnarbonne.org\/wp-content\/uploads\/2021\/02\/cropped-logo-TCNA-blanc-1-1.png","width":306,"height":202,"caption":"www.https:\/\/tcnarbonne.org\/"},"image":{"@id":"https:\/\/tcnarbonne.org\/#\/schema\/logo\/image\/"},"sameAs":["https:\/\/www.facebook.com\/TCNA-Transparence-des-canaux-de-la-Narbonnaise-325260501232600\/"]}]}},"_links":{"self":[{"href":"https:\/\/tcnarbonne.org\/index.php\/wp-json\/wp\/v2\/pages\/22"}],"collection":[{"href":"https:\/\/tcnarbonne.org\/index.php\/wp-json\/wp\/v2\/pages"}],"about":[{"href":"https:\/\/tcnarbonne.org\/index.php\/wp-json\/wp\/v2\/types\/page"}],"author":[{"embeddable":true,"href":"https:\/\/tcnarbonne.org\/index.php\/wp-json\/wp\/v2\/users\/1"}],"replies":[{"embeddable":true,"href":"https:\/\/tcnarbonne.org\/index.php\/wp-json\/wp\/v2\/comments?post=22"}],"version-history":[{"count":21,"href":"https:\/\/tcnarbonne.org\/index.php\/wp-json\/wp\/v2\/pages\/22\/revisions"}],"predecessor-version":[{"id":4448,"href":"https:\/\/tcnarbonne.org\/index.php\/wp-json\/wp\/v2\/pages\/22\/revisions\/4448"}],"wp:attachment":[{"href":"https:\/\/tcnarbonne.org\/index.php\/wp-json\/wp\/v2\/media?parent=22"}],"curies":[{"name":"wp","href":"https:\/\/api.w.org\/{rel}","templated":true}]}}