{"id":2188,"date":"2017-11-12T21:25:54","date_gmt":"2017-11-12T20:25:54","guid":{"rendered":"http:\/\/tcnarbonne.org\/?page_id=2188"},"modified":"2017-12-26T17:02:58","modified_gmt":"2017-12-26T16:02:58","slug":"communique-tcna-suite-a-la-decision-du-prefet-sur-le-projet-thortdn-appel-a-la-resistance-citoyenne","status":"publish","type":"page","link":"https:\/\/tcnarbonne.org\/index.php\/communique-tcna-suite-a-la-decision-du-prefet-sur-le-projet-thortdn-appel-a-la-resistance-citoyenne\/","title":{"rendered":"#BALANCETONTHOR-APPEL A LA R\u00c9SISTANCE CITOYENNE"},"content":{"rendered":"<p style=\"text-align: right;\">NARBONNE LE 12 NOVEMBRE 2017<\/p>\n<p style=\"text-align: center;\"><span style=\"font-size: 18pt;\"><strong><u>COMMUNIQUE DE TCNA<\/u><\/strong><\/span><\/p>\n<p style=\"text-align: center;\"><span style=\"font-size: 18pt;\"><u><b style=\"font-size: 18pt;\">Suite \u00e0 la <\/b><span style=\"font-size: 24px;\"><b>d\u00e9cision<\/b><\/span><b style=\"font-size: 18pt;\">&nbsp;du Pr\u00e9fet sur le projet THOR\/TDN<\/b><\/u><\/span><\/p>\n<p style=\"text-align: center;\"><span style=\"font-size: 18pt;\"><u><b>APPEL A LA R\u00c9SISTANCE&nbsp;CITOYENNE<\/b><\/u><\/span><\/p>\n<p><span style=\"font-size: 14pt;\"><strong>Madame, Monsieur,<\/strong><\/span><\/p>\n<p><strong>Puisque nos responsables locaux n\u2019ont pas \u00e9t\u00e9 capables de d\u00e9fendre notre droit fondamental \u00e0 la sant\u00e9, puisqu\u2019ils n\u2019ont pas \u00e9t\u00e9 capables d\u2019entendre nos inqui\u00e9tudes l\u00e9gitimes, nous sommes, nous, citoyens de la Narbonnaise, au pied du mur, d\u00e9laiss\u00e9s par les pouvoirs public, sacrifi\u00e9s sur l\u2019autel de l\u2019industrie nucl\u00e9aire.<\/strong><\/p>\n<p><strong>Malgr\u00e9 les multiples avertissements de toutes les associations citoyennes sur la dangerosit\u00e9 du proc\u00e9d\u00e9 THOR, son aspect exp\u00e9rimental, malgr\u00e9 les manifestations pacifiques dans la rue pour exprimer nos inqui\u00e9tudes et notre opposition, malgr\u00e9 une p\u00e9tition qui a recueilli plus de 10000 signatures, l\u2019\u00e9tat est donc pass\u00e9 en force pour sauver AREVA en faillite.<\/strong><\/p>\n<p><strong>Nous avons pris acte de la d\u00e9cision du pr\u00e9fet qui engage notre bassin de vie pour quarante ans, voir plus et qui sera lourde de cons\u00e9quences sur le plan sanitaire, environnemental et \u00e9conomique.<\/strong><\/p>\n<p><strong>Depuis plusieurs mois maintenant, nous sommes venus \u00e0 votre rencontre, dans la rue, sur internet, le dimanche sur le march\u00e9, dans les r\u00e9unions publiques\u2026tout cela dans un seul but: vous alerter sur le futur qui sera le n\u00f4tre avec le projet THOR-TDN d\u2019AREVA, alors m\u00eame que nous avions sous les yeux, le terrible exemple de la <a href=\"http:\/\/tcnarbonne.org\/index.php\/2017\/10\/29\/zoom-sur-une-thematique-dossier-special-usa\/\">commune d\u2019Erwin Tn aux USA<\/a>.<\/strong><\/p>\n<p><span style=\"font-size: 14pt;\"><strong>Forte d\u2019une communaut\u00e9 structur\u00e9e, avec des partenaires associatifs solides et efficaces, et apr\u00e8s avoir fait nos preuves en r\u00e9alisant une cagnotte citoyenne de 5000 euros pour des analyses ind\u00e9pendantes par la CRIIRAD*, TCNA souhaite maintenant porter votre voix dans ce combat qui va \u00eatre long, co\u00fbteux<\/strong> <strong>et qui ne pourra \u00eatre men\u00e9 sans vous et votre implication personnelle \u00e0 tous les niveaux.<\/strong><\/span><\/p>\n<p style=\"text-align: center;\"><span style=\"text-decoration: underline; font-size: 18pt;\"><b>Aujourd\u2019hui<\/b><strong>, nous lan\u00e7ons un appel \u00e0 la r\u00e9sistance citoyenne.<\/strong><\/span><\/p>\n<p><span style=\"font-size: 12pt;\"><strong>Chaque homme, chaque femme de ce territoire doit se sentir concern\u00e9, car il en va de sa propre vie mais aussi de celle de ses enfants et de sa famille.<\/strong><\/span><\/p>\n<p><span style=\"font-size: 12pt;\"><strong>D\u00e8s demain, dans vos foyers, aupr\u00e8s de vos amis, \u00e0 votre travail, dans vos associations, dans vos communes, sur les r\u00e9seaux sociaux, nous vous demandons de relayer notre action, et de nous soutenir en nous apportant toutes les comp\u00e9tences qui pourront nous \u00eatre utiles, parler d\u2019AREVA maintenant n\u2019est plus un tabou.<\/strong><\/span><\/p>\n<p><strong>A toutes celles et ceux qui ont pris conscience de l\u2019ampleur du d\u00e9sastre et qui n\u2019ont pas os\u00e9 s\u2019engager, nous leur disons: \u00ab&nbsp;Nous avons besoin de vous maintenant&nbsp;\u00bb.<\/strong><\/p>\n<p><strong>&nbsp;<\/strong><strong>A toutes celles et ceux qui croyaient que cela n\u2019arriverait jamais chez nous, nous leur disons: \u00ab&nbsp;il est temps maintenant de nous rejoindre, d\u2019adh\u00e9rer et de nous apporter vos comp\u00e9tences et votre soutien, vos r\u00e9seaux et votre expertise, votre bonne volont\u00e9&nbsp;\u00bb.<\/strong><\/p>\n<p><strong>Les responsables politiques locaux ont failli lourdement, ils ont jou\u00e9 la montre pour certains, d\u2019autres ont jou\u00e9 double jeu pour ne pas perdre le b\u00e9n\u00e9fice de leurs petits privil\u00e8ges au d\u00e9triment de notre cadre de vie et de notre sant\u00e9.<\/strong><\/p>\n<p><strong>En 2019, AREVA Malvesi devrait commencer \u00e0 rejeter de sa chemin\u00e9e haute de 33 m\u00e8tres, ses 960&nbsp;000 m\u00e8tres cubes de fum\u00e9es journali\u00e8res radioactives et toxiques, mais avant cette perspective bien peu r\u00e9jouissante, un long p\u00e9riple administratif technico-juridique va commencer dans les semaines \u00e0 venir, nous serons au rendez-vous avec nos partenaires associatifs et avec vous toutes et tous qui souhaitez nous rejoindre.<\/strong><\/p>\n<p><span style=\"font-size: 14pt;\"><a href=\"http:\/\/tcnarbonne.org\/index.php\/jagis-maintenant\/\"><strong>Nous mettons en place d\u00e8s aujourd\u2019hui sur notre site internet une page sp\u00e9ciale o\u00f9 vous pouvez nous dire ce que vous comptez faire pour nous aider.<\/strong><\/a><\/span><\/p>\n<p><span style=\"font-size: 14pt;\"><strong>Il n\u2019y a pas de fatalit\u00e9, nous ne sommes pas destin\u00e9s \u00e0 \u00eatre sacrifi\u00e9s par l\u2019Etat Fran\u00e7ais qui n\u2019est plus garant de notre sant\u00e9 mais de la sant\u00e9 financi\u00e8re de l\u2019entreprise AREVA.<\/strong><\/span><\/p>\n<p><span style=\"font-size: 14pt;\"><strong>L\u2019heure est grave, et chacun doit prendre ses responsabilit\u00e9s, demain en 2019, personne ne pourra plus dire qu\u2019il ne savait pas, et encore moins les responsables politiques locaux qui se pr\u00e9senteront \u00e0 vous en 2020 avec leurs belles promesses.<\/strong><\/span><\/p>\n<p style=\"text-align: center;\"><span style=\"font-size: 18pt;\"><b>CITOYENS DE LA NARBONNAISE ET D&#8217;OCCITANIE, TOUS ENSEMBLE UNIS DANS LA R\u00c9SISTANCE&nbsp;CITOYENNE, RIEN N\u2019EST TERMINE, TOUT COMMENCE AUJOURD&#8217;HUI ! REJOIGNEZ NOUS !<\/b><\/span><\/p>\n<p style=\"text-align: center;\"><span style=\"font-size: 24pt;\"><strong><a href=\"http:\/\/tcnarbonne.org\/index.php\/jagis-maintenant\/\">J&#8217;AGIS MAINTENANT<\/a>&nbsp;<\/strong><\/span><\/p>\n<p style=\"text-align: center;\"><span style=\"font-size: 18pt;\"><em><strong>ET SUR LES TOUS LES R\u00c9SEAUX SOCIAUX: #BALANCETONTHOR<\/strong><\/em><\/span><\/p>\n<p><span style=\"font-size: 10pt;\">*CRIIRAD: Commission de recherche et d&#8217;information ind\u00e9pendantes sur la radioactivit\u00e9<\/span><\/p>\n<p><img loading=\"lazy\" decoding=\"async\" class=\"aligncenter wp-image-2172 size-large\" src=\"http:\/\/tcnarbonne.org\/wp-content\/uploads\/2017\/11\/BALANCETONTHOR-1024x768.png\" alt=\"\" width=\"800\" height=\"600\" srcset=\"https:\/\/tcnarbonne.org\/wp-content\/uploads\/2017\/11\/BALANCETONTHOR-1024x768.png 1024w, https:\/\/tcnarbonne.org\/wp-content\/uploads\/2017\/11\/BALANCETONTHOR-300x225.png 300w, https:\/\/tcnarbonne.org\/wp-content\/uploads\/2017\/11\/BALANCETONTHOR-768x576.png 768w, https:\/\/tcnarbonne.org\/wp-content\/uploads\/2017\/11\/BALANCETONTHOR-600x450.png 600w, https:\/\/tcnarbonne.org\/wp-content\/uploads\/2017\/11\/BALANCETONTHOR.png 1200w\" sizes=\"(max-width: 800px) 100vw, 800px\" \/><\/p>\n","protected":false},"excerpt":{"rendered":"<p>NARBONNE LE 12 NOVEMBRE 2017 COMMUNIQUE DE TCNA Suite \u00e0 la d\u00e9cision&nbsp;du Pr\u00e9fet sur le projet THOR\/TDN APPEL A LA R\u00c9SISTANCE&nbsp;CITOYENNE Madame, Monsieur, Puisque nos responsables locaux n\u2019ont pas \u00e9t\u00e9 capables de d\u00e9fendre notre&#8230;<\/p>\n","protected":false},"author":1,"featured_media":2194,"parent":0,"menu_order":0,"comment_status":"closed","ping_status":"closed","template":"template-frontpage.php","meta":{"ngg_post_thumbnail":0,"footnotes":""},"yoast_head":"<!-- This site is optimized with the Yoast SEO plugin v21.1 - https:\/\/yoast.com\/wordpress\/plugins\/seo\/ -->\n<title>#BALANCETONTHOR-APPEL A LA R\u00c9SISTANCE CITOYENNE - TCNA NARBONNE<\/title>\n<meta name=\"robots\" content=\"index, follow, max-snippet:-1, max-image-preview:large, max-video-preview:-1\" \/>\n<link rel=\"canonical\" href=\"https:\/\/tcnarbonne.org\/index.php\/communique-tcna-suite-a-la-decision-du-prefet-sur-le-projet-thortdn-appel-a-la-resistance-citoyenne\/\" \/>\n<meta property=\"og:locale\" content=\"fr_FR\" \/>\n<meta property=\"og:type\" content=\"article\" \/>\n<meta property=\"og:title\" content=\"#BALANCETONTHOR-APPEL A LA R\u00c9SISTANCE CITOYENNE - TCNA NARBONNE\" \/>\n<meta property=\"og:description\" content=\"NARBONNE LE 12 NOVEMBRE 2017 COMMUNIQUE DE TCNA Suite \u00e0 la d\u00e9cision&nbsp;du Pr\u00e9fet sur le projet THOR\/TDN APPEL A LA R\u00c9SISTANCE&nbsp;CITOYENNE Madame, Monsieur, Puisque nos responsables locaux n\u2019ont pas \u00e9t\u00e9 capables de d\u00e9fendre notre...\" \/>\n<meta property=\"og:url\" content=\"https:\/\/tcnarbonne.org\/index.php\/communique-tcna-suite-a-la-decision-du-prefet-sur-le-projet-thortdn-appel-a-la-resistance-citoyenne\/\" \/>\n<meta property=\"og:site_name\" content=\"TCNA NARBONNE\" \/>\n<meta property=\"article:publisher\" content=\"https:\/\/www.facebook.com\/TCNA-Transparence-des-canaux-de-la-Narbonnaise-325260501232600\/\" \/>\n<meta property=\"article:modified_time\" content=\"2017-12-26T16:02:58+00:00\" \/>\n<meta property=\"og:image\" content=\"https:\/\/tcnarbonne.org\/wp-content\/uploads\/2017\/11\/resistance-citoyenne.jpg\" \/>\n\t<meta property=\"og:image:width\" content=\"510\" \/>\n\t<meta property=\"og:image:height\" content=\"382\" \/>\n\t<meta property=\"og:image:type\" content=\"image\/jpeg\" \/>\n<meta name=\"twitter:card\" content=\"summary_large_image\" \/>\n<meta name=\"twitter:label1\" content=\"Dur\u00e9e de lecture estim\u00e9e\" \/>\n\t<meta name=\"twitter:data1\" content=\"4 minutes\" \/>\n<script type=\"application\/ld+json\" class=\"yoast-schema-graph\">{\"@context\":\"https:\/\/schema.org\",\"@graph\":[{\"@type\":\"WebPage\",\"@id\":\"https:\/\/tcnarbonne.org\/index.php\/communique-tcna-suite-a-la-decision-du-prefet-sur-le-projet-thortdn-appel-a-la-resistance-citoyenne\/\",\"url\":\"https:\/\/tcnarbonne.org\/index.php\/communique-tcna-suite-a-la-decision-du-prefet-sur-le-projet-thortdn-appel-a-la-resistance-citoyenne\/\",\"name\":\"#BALANCETONTHOR-APPEL A LA R\u00c9SISTANCE CITOYENNE - TCNA NARBONNE\",\"isPartOf\":{\"@id\":\"https:\/\/tcnarbonne.org\/#website\"},\"datePublished\":\"2017-11-12T20:25:54+00:00\",\"dateModified\":\"2017-12-26T16:02:58+00:00\",\"breadcrumb\":{\"@id\":\"https:\/\/tcnarbonne.org\/index.php\/communique-tcna-suite-a-la-decision-du-prefet-sur-le-projet-thortdn-appel-a-la-resistance-citoyenne\/#breadcrumb\"},\"inLanguage\":\"fr-FR\",\"potentialAction\":[{\"@type\":\"ReadAction\",\"target\":[\"https:\/\/tcnarbonne.org\/index.php\/communique-tcna-suite-a-la-decision-du-prefet-sur-le-projet-thortdn-appel-a-la-resistance-citoyenne\/\"]}]},{\"@type\":\"BreadcrumbList\",\"@id\":\"https:\/\/tcnarbonne.org\/index.php\/communique-tcna-suite-a-la-decision-du-prefet-sur-le-projet-thortdn-appel-a-la-resistance-citoyenne\/#breadcrumb\",\"itemListElement\":[{\"@type\":\"ListItem\",\"position\":1,\"name\":\"Accueil\",\"item\":\"https:\/\/tcnarbonne.org\/\"},{\"@type\":\"ListItem\",\"position\":2,\"name\":\"#BALANCETONTHOR-APPEL A LA R\u00c9SISTANCE CITOYENNE\"}]},{\"@type\":\"WebSite\",\"@id\":\"https:\/\/tcnarbonne.org\/#website\",\"url\":\"https:\/\/tcnarbonne.org\/\",\"name\":\"www.https:\/\/tcnarbonne.org\/\",\"description\":\"Transparence des canaux de la narbonnaise\",\"publisher\":{\"@id\":\"https:\/\/tcnarbonne.org\/#organization\"},\"potentialAction\":[{\"@type\":\"SearchAction\",\"target\":{\"@type\":\"EntryPoint\",\"urlTemplate\":\"https:\/\/tcnarbonne.org\/?s={search_term_string}\"},\"query-input\":\"required name=search_term_string\"}],\"inLanguage\":\"fr-FR\"},{\"@type\":\"Organization\",\"@id\":\"https:\/\/tcnarbonne.org\/#organization\",\"name\":\"www.https:\/\/tcnarbonne.org\/\",\"url\":\"https:\/\/tcnarbonne.org\/\",\"logo\":{\"@type\":\"ImageObject\",\"inLanguage\":\"fr-FR\",\"@id\":\"https:\/\/tcnarbonne.org\/#\/schema\/logo\/image\/\",\"url\":\"https:\/\/tcnarbonne.org\/wp-content\/uploads\/2021\/02\/cropped-logo-TCNA-blanc-1-1.png\",\"contentUrl\":\"https:\/\/tcnarbonne.org\/wp-content\/uploads\/2021\/02\/cropped-logo-TCNA-blanc-1-1.png\",\"width\":306,\"height\":202,\"caption\":\"www.https:\/\/tcnarbonne.org\/\"},\"image\":{\"@id\":\"https:\/\/tcnarbonne.org\/#\/schema\/logo\/image\/\"},\"sameAs\":[\"https:\/\/www.facebook.com\/TCNA-Transparence-des-canaux-de-la-Narbonnaise-325260501232600\/\"]}]}<\/script>\n<!-- \/ Yoast SEO plugin. -->","yoast_head_json":{"title":"#BALANCETONTHOR-APPEL A LA R\u00c9SISTANCE CITOYENNE - TCNA NARBONNE","robots":{"index":"index","follow":"follow","max-snippet":"max-snippet:-1","max-image-preview":"max-image-preview:large","max-video-preview":"max-video-preview:-1"},"canonical":"https:\/\/tcnarbonne.org\/index.php\/communique-tcna-suite-a-la-decision-du-prefet-sur-le-projet-thortdn-appel-a-la-resistance-citoyenne\/","og_locale":"fr_FR","og_type":"article","og_title":"#BALANCETONTHOR-APPEL A LA R\u00c9SISTANCE CITOYENNE - TCNA NARBONNE","og_description":"NARBONNE LE 12 NOVEMBRE 2017 COMMUNIQUE DE TCNA Suite \u00e0 la d\u00e9cision&nbsp;du Pr\u00e9fet sur le projet THOR\/TDN APPEL A LA R\u00c9SISTANCE&nbsp;CITOYENNE Madame, Monsieur, Puisque nos responsables locaux n\u2019ont pas \u00e9t\u00e9 capables de d\u00e9fendre notre...","og_url":"https:\/\/tcnarbonne.org\/index.php\/communique-tcna-suite-a-la-decision-du-prefet-sur-le-projet-thortdn-appel-a-la-resistance-citoyenne\/","og_site_name":"TCNA NARBONNE","article_publisher":"https:\/\/www.facebook.com\/TCNA-Transparence-des-canaux-de-la-Narbonnaise-325260501232600\/","article_modified_time":"2017-12-26T16:02:58+00:00","og_image":[{"width":510,"height":382,"url":"https:\/\/tcnarbonne.org\/wp-content\/uploads\/2017\/11\/resistance-citoyenne.jpg","type":"image\/jpeg"}],"twitter_card":"summary_large_image","twitter_misc":{"Dur\u00e9e de lecture estim\u00e9e":"4 minutes"},"schema":{"@context":"https:\/\/schema.org","@graph":[{"@type":"WebPage","@id":"https:\/\/tcnarbonne.org\/index.php\/communique-tcna-suite-a-la-decision-du-prefet-sur-le-projet-thortdn-appel-a-la-resistance-citoyenne\/","url":"https:\/\/tcnarbonne.org\/index.php\/communique-tcna-suite-a-la-decision-du-prefet-sur-le-projet-thortdn-appel-a-la-resistance-citoyenne\/","name":"#BALANCETONTHOR-APPEL A LA R\u00c9SISTANCE CITOYENNE - TCNA NARBONNE","isPartOf":{"@id":"https:\/\/tcnarbonne.org\/#website"},"datePublished":"2017-11-12T20:25:54+00:00","dateModified":"2017-12-26T16:02:58+00:00","breadcrumb":{"@id":"https:\/\/tcnarbonne.org\/index.php\/communique-tcna-suite-a-la-decision-du-prefet-sur-le-projet-thortdn-appel-a-la-resistance-citoyenne\/#breadcrumb"},"inLanguage":"fr-FR","potentialAction":[{"@type":"ReadAction","target":["https:\/\/tcnarbonne.org\/index.php\/communique-tcna-suite-a-la-decision-du-prefet-sur-le-projet-thortdn-appel-a-la-resistance-citoyenne\/"]}]},{"@type":"BreadcrumbList","@id":"https:\/\/tcnarbonne.org\/index.php\/communique-tcna-suite-a-la-decision-du-prefet-sur-le-projet-thortdn-appel-a-la-resistance-citoyenne\/#breadcrumb","itemListElement":[{"@type":"ListItem","position":1,"name":"Accueil","item":"https:\/\/tcnarbonne.org\/"},{"@type":"ListItem","position":2,"name":"#BALANCETONTHOR-APPEL A LA R\u00c9SISTANCE CITOYENNE"}]},{"@type":"WebSite","@id":"https:\/\/tcnarbonne.org\/#website","url":"https:\/\/tcnarbonne.org\/","name":"www.https:\/\/tcnarbonne.org\/","description":"Transparence des canaux de la narbonnaise","publisher":{"@id":"https:\/\/tcnarbonne.org\/#organization"},"potentialAction":[{"@type":"SearchAction","target":{"@type":"EntryPoint","urlTemplate":"https:\/\/tcnarbonne.org\/?s={search_term_string}"},"query-input":"required name=search_term_string"}],"inLanguage":"fr-FR"},{"@type":"Organization","@id":"https:\/\/tcnarbonne.org\/#organization","name":"www.https:\/\/tcnarbonne.org\/","url":"https:\/\/tcnarbonne.org\/","logo":{"@type":"ImageObject","inLanguage":"fr-FR","@id":"https:\/\/tcnarbonne.org\/#\/schema\/logo\/image\/","url":"https:\/\/tcnarbonne.org\/wp-content\/uploads\/2021\/02\/cropped-logo-TCNA-blanc-1-1.png","contentUrl":"https:\/\/tcnarbonne.org\/wp-content\/uploads\/2021\/02\/cropped-logo-TCNA-blanc-1-1.png","width":306,"height":202,"caption":"www.https:\/\/tcnarbonne.org\/"},"image":{"@id":"https:\/\/tcnarbonne.org\/#\/schema\/logo\/image\/"},"sameAs":["https:\/\/www.facebook.com\/TCNA-Transparence-des-canaux-de-la-Narbonnaise-325260501232600\/"]}]}},"_links":{"self":[{"href":"https:\/\/tcnarbonne.org\/index.php\/wp-json\/wp\/v2\/pages\/2188"}],"collection":[{"href":"https:\/\/tcnarbonne.org\/index.php\/wp-json\/wp\/v2\/pages"}],"about":[{"href":"https:\/\/tcnarbonne.org\/index.php\/wp-json\/wp\/v2\/types\/page"}],"author":[{"embeddable":true,"href":"https:\/\/tcnarbonne.org\/index.php\/wp-json\/wp\/v2\/users\/1"}],"replies":[{"embeddable":true,"href":"https:\/\/tcnarbonne.org\/index.php\/wp-json\/wp\/v2\/comments?post=2188"}],"version-history":[{"count":16,"href":"https:\/\/tcnarbonne.org\/index.php\/wp-json\/wp\/v2\/pages\/2188\/revisions"}],"predecessor-version":[{"id":2286,"href":"https:\/\/tcnarbonne.org\/index.php\/wp-json\/wp\/v2\/pages\/2188\/revisions\/2286"}],"wp:featuredmedia":[{"embeddable":true,"href":"https:\/\/tcnarbonne.org\/index.php\/wp-json\/wp\/v2\/media\/2194"}],"wp:attachment":[{"href":"https:\/\/tcnarbonne.org\/index.php\/wp-json\/wp\/v2\/media?parent=2188"}],"curies":[{"name":"wp","href":"https:\/\/api.w.org\/{rel}","templated":true}]}}